{"id":15844,"date":"2025-09-22T12:50:19","date_gmt":"2025-09-22T10:50:19","guid":{"rendered":"https:\/\/diasporascholarship.hu\/?post_type=portfolio&#038;p=15844"},"modified":"2025-09-22T13:19:44","modified_gmt":"2025-09-22T11:19:44","slug":"talalkozzunk-latin-amerikaban","status":"publish","type":"portfolio","link":"https:\/\/diasporascholarship.hu\/hu\/hir\/talalkozzunk-latin-amerikaban\/","title":{"rendered":"Tal\u00e1lkozzunk Latin-Amerik\u00e1ban!"},"content":{"rendered":"<p>Itt a lehet\u0151s\u00e9g, hogy tal\u00e1lkozz vel\u00fcnk Latin-Amerik\u00e1ban, feltedd a k\u00e9rd\u00e9seidet, \u00e9s felfedezd a Magyarorsz\u00e1g \u00e1ltal k\u00edn\u00e1lt soksz\u00edn\u0171 oktat\u00e1si lehet\u0151s\u00e9geket! Ne maradj le \u2013 regisztr\u00e1lj a v\u00e1s\u00e1rokra, \u00e9s tedd meg az els\u0151 l\u00e9p\u00e9st eur\u00f3pai j\u00f6v\u0151d fel\u00e9!<\/p>\n<p>&nbsp;<\/p>\n<p><strong>Sao Paulo &#8211; FPP Fels\u0151oktat\u00e1si V\u00e1s\u00e1r<\/strong><\/p>\n<p style=\"text-align: left;\">Szeptember 27. \u00e9s 28.<br \/>\nRegisztr\u00e1lj itt: <a href=\"https:\/\/brazil.thestudentworld.com\/sao-paulo\" target=\"_blank\" rel=\"noopener\">https:\/\/brazil.thestudentworld.com\/sao-paulo<\/a><\/p>\n<p>&#8212;&#8212;&#8212;&#8212;&#8212;&#8212;&#8212;&#8212;&#8212;&#8212;&#8212;&#8212;&#8212;&#8212;&#8212;&#8212;&#8212;&#8212;&#8212;&#8212;&#8212;&#8212;&#8212;&#8212;&#8212;&#8212;&#8212;-<\/p>\n<p><strong>Rio de Janeiro &#8211; FPP Fels\u0151oktat\u00e1si V\u00e1s\u00e1r<\/strong><\/p>\n<p>Szeptember 30. \u00e9s okt\u00f3ber 1.<br \/>\n-Regisztr\u00e1lj itt az els\u0151 napra: <a href=\"https:\/\/brazil.thestudentworld.com\/rio-de-janeiro\" target=\"_blank\" rel=\"noopener\">https:\/\/brazil.thestudentworld.com\/rio-de-janeiro<\/a><br \/>\n-Regisztr\u00e1lj itt a m\u00e1sodik napra: <a href=\"https:\/\/brazil.thestudentworld.com\/rio-de-janeiro-barra\" target=\"_blank\" rel=\"noopener\">https:\/\/brazil.thestudentworld.com\/rio-de-janeiro-barra<\/a><\/p>\n<p>&#8212;&#8212;&#8212;&#8212;&#8212;&#8212;&#8212;&#8212;&#8212;&#8212;&#8212;&#8212;&#8212;&#8212;&#8212;&#8212;&#8212;&#8212;&#8212;&#8212;&#8212;&#8212;&#8212;&#8212;&#8212;&#8212;&#8212;&#8212;<\/p>\n<p><strong>Bogot\u00e1 &#8211; BMI Fels\u0151oktat\u00e1si V\u00e1s\u00e1r<\/strong><\/p>\n<p>Okt\u00f3ber 4. \u00e9s 5.<br \/>\nRegisztr\u00e1lj itt: <a href=\"https:\/\/expoposgrados.com\/colombia\/city\/bogota\" target=\"_blank\" rel=\"noopener\">https:\/\/expoposgrados.com\/colombia\/city\/bogota<\/a><\/p>\n<p>&nbsp;<\/p>\n<p><strong>Lima &#8211; BMI Fels\u0151oktat\u00e1si V\u00e1s\u00e1r<\/strong><\/p>\n<p>Okt\u00f3ber 9.<br \/>\nRegisztr\u00e1lj itt: <a href=\"https:\/\/expoposgrados.com\/peru\" target=\"_blank\" rel=\"noopener\">https:\/\/expoposgrados.com\/peru<\/a><\/p>\n<p>&nbsp;<\/p>\n<p><strong>Az egyetemek, akikkel tal\u00e1lkozhatsz:<\/strong><\/p>\n<ul>\n<li><a href=\"https:\/\/semmelweis.hu\/\" target=\"_blank\" rel=\"noopener\">Semmelweis Egyetem<\/a><\/li>\n<li><a href=\"https:\/\/uni-eszterhazy.hu\/\" target=\"_blank\" rel=\"noopener\">Eszterh\u00e1zy K\u00e1roly Katolikus Egyetem<\/a><\/li>\n<li><a href=\"https:\/\/www.mke.hu\/\" target=\"_blank\" rel=\"noopener\">Magyar K\u00e9pz\u0151m\u0171v\u00e9szeti Egyetem<\/a><\/li>\n<li><a href=\"https:\/\/www.elte.hu\/\" target=\"_blank\" rel=\"noopener\">E\u00f6tv\u00f6s L\u00f3r\u00e1nd Tudom\u00e1nyegyetem<\/a><\/li>\n<li><a href=\"https:\/\/ppke.hu\/\" target=\"_blank\" rel=\"noopener\">P\u00e1zm\u00e1ny P\u00e9ter Katolikus Egyetem<\/a><\/li>\n<li><a href=\"https:\/\/www.uni-nke.hu\/\" target=\"_blank\" rel=\"noopener\">Ludovika Nemzeti K\u00f6zszolg\u00e1lati Egyetem<\/a><\/li>\n<\/ul>\n<p>&nbsp;<\/p>\n<p>Izgatottan v\u00e1rjuk a tal\u00e1lkoz\u00e1st!<\/p>\n","protected":false},"excerpt":{"rendered":"<p>Itt a lehet\u0151s\u00e9g, hogy tal\u00e1lkozz vel\u00fcnk Latin-Amerik\u00e1ban, feltedd a k\u00e9rd\u00e9seidet, \u00e9s felfedezd a Magyarorsz\u00e1g \u00e1ltal k\u00edn\u00e1lt soksz\u00edn\u0171 oktat\u00e1si lehet\u0151s\u00e9geket! Ne maradj le \u2013 regisztr\u00e1lj a v\u00e1s\u00e1rokra, \u00e9s tedd meg az els\u0151 l\u00e9p\u00e9st eur\u00f3pai j\u00f6v\u0151d fel\u00e9! &nbsp; Sao Paulo &#8211; FPP Fels\u0151oktat\u00e1si V\u00e1s\u00e1r Szeptember 27. \u00e9s 28. Regisztr\u00e1lj itt: https:\/\/brazil.thestudentworld.com\/sao-paulo &#8212;&#8212;&#8212;&#8212;&#8212;&#8212;&#8212;&#8212;&#8212;&#8212;&#8212;&#8212;&#8212;&#8212;&#8212;&#8212;&#8212;&#8212;&#8212;&#8212;&#8212;&#8212;&#8212;&#8212;&#8212;&#8212;&#8212;- Rio de Janeiro &#8211; FPP [&hellip;]<\/p>\n","protected":false},"featured_media":15848,"comment_status":"closed","ping_status":"closed","template":"","tags":[],"portfolio_entries":[39],"class_list":["post-15844","portfolio","type-portfolio","status-publish","has-post-thumbnail","hentry","portfolio_entries-aktualis"],"_links":{"self":[{"href":"https:\/\/diasporascholarship.hu\/hu\/wp-json\/wp\/v2\/portfolio\/15844","targetHints":{"allow":["GET"]}}],"collection":[{"href":"https:\/\/diasporascholarship.hu\/hu\/wp-json\/wp\/v2\/portfolio"}],"about":[{"href":"https:\/\/diasporascholarship.hu\/hu\/wp-json\/wp\/v2\/types\/portfolio"}],"replies":[{"embeddable":true,"href":"https:\/\/diasporascholarship.hu\/hu\/wp-json\/wp\/v2\/comments?post=15844"}],"version-history":[{"count":4,"href":"https:\/\/diasporascholarship.hu\/hu\/wp-json\/wp\/v2\/portfolio\/15844\/revisions"}],"predecessor-version":[{"id":15850,"href":"https:\/\/diasporascholarship.hu\/hu\/wp-json\/wp\/v2\/portfolio\/15844\/revisions\/15850"}],"wp:featuredmedia":[{"embeddable":true,"href":"https:\/\/diasporascholarship.hu\/hu\/wp-json\/wp\/v2\/media\/15848"}],"wp:attachment":[{"href":"https:\/\/diasporascholarship.hu\/hu\/wp-json\/wp\/v2\/media?parent=15844"}],"wp:term":[{"taxonomy":"post_tag","embeddable":true,"href":"https:\/\/diasporascholarship.hu\/hu\/wp-json\/wp\/v2\/tags?post=15844"},{"taxonomy":"portfolio_entries","embeddable":true,"href":"https:\/\/diasporascholarship.hu\/hu\/wp-json\/wp\/v2\/portfolio_entries?post=15844"}],"curies":[{"name":"wp","href":"https:\/\/api.w.org\/{rel}","templated":true}]}}

Találkozzunk Latin-Amerikában!

<p>Itt a lehetőség, hogy találkozz velünk Latin-Amerikában, feltedd a kérdéseidet, és felfedezd a Magyarország által kínált sokszínű oktatási lehetőségeket! Ne maradj le – regisztrálj a vásárokra, és tedd meg az első lépést európai jövőd felé!</p>
<p>&nbsp;</p>
<p><strong>Sao Paulo &#8211; FPP Felsőoktatási Vásár</strong></p>
<p style="text-align: left;">Szeptember 27. és 28.<br />
Regisztrálj itt: <a href="https://brazil.thestudentworld.com/sao-paulo" target="_blank" rel="noopener">https://brazil.thestudentworld.com/sao-paulo</a></p>
<p>&#8212;&#8212;&#8212;&#8212;&#8212;&#8212;&#8212;&#8212;&#8212;&#8212;&#8212;&#8212;&#8212;&#8212;&#8212;&#8212;&#8212;&#8212;&#8212;&#8212;&#8212;&#8212;&#8212;&#8212;&#8212;&#8212;&#8212;-</p>
<p><strong>Rio de Janeiro &#8211; FPP Felsőoktatási Vásár</strong></p>
<p>Szeptember 30. és október 1.<br />
-Regisztrálj itt az első napra: <a href="https://brazil.thestudentworld.com/rio-de-janeiro" target="_blank" rel="noopener">https://brazil.thestudentworld.com/rio-de-janeiro</a><br />
-Regisztrálj itt a második napra: <a href="https://brazil.thestudentworld.com/rio-de-janeiro-barra" target="_blank" rel="noopener">https://brazil.thestudentworld.com/rio-de-janeiro-barra</a></p>
<p>&#8212;&#8212;&#8212;&#8212;&#8212;&#8212;&#8212;&#8212;&#8212;&#8212;&#8212;&#8212;&#8212;&#8212;&#8212;&#8212;&#8212;&#8212;&#8212;&#8212;&#8212;&#8212;&#8212;&#8212;&#8212;&#8212;&#8212;&#8212;</p>
<p><strong>Bogotá &#8211; BMI Felsőoktatási Vásár</strong></p>
<p>Október 4. és 5.<br />
Regisztrálj itt: <a href="https://expoposgrados.com/colombia/city/bogota" target="_blank" rel="noopener">https://expoposgrados.com/colombia/city/bogota</a></p>
<p>&nbsp;</p>
<p><strong>Lima &#8211; BMI Felsőoktatási Vásár</strong></p>
<p>Október 9.<br />
Regisztrálj itt: <a href="https://expoposgrados.com/peru" target="_blank" rel="noopener">https://expoposgrados.com/peru</a></p>
<p>&nbsp;</p>
<p><strong>Az egyetemek, akikkel találkozhatsz:</strong></p>
<ul>
<li><a href="https://semmelweis.hu/" target="_blank" rel="noopener">Semmelweis Egyetem</a></li>
<li><a href="https://uni-eszterhazy.hu/" target="_blank" rel="noopener">Eszterházy Károly Katolikus Egyetem</a></li>
<li><a href="https://www.mke.hu/" target="_blank" rel="noopener">Magyar Képzőművészeti Egyetem</a></li>
<li><a href="https://www.elte.hu/" target="_blank" rel="noopener">Eötvös Lóránd Tudományegyetem</a></li>
<li><a href="https://ppke.hu/" target="_blank" rel="noopener">Pázmány Péter Katolikus Egyetem</a></li>
<li><a href="https://www.uni-nke.hu/" target="_blank" rel="noopener">Ludovika Nemzeti Közszolgálati Egyetem</a></li>
</ul>
<p>&nbsp;</p>
<p>Izgatottan várjuk a találkozást!</p>

<p>Itt a lehetőség, hogy találkozz velünk Latin-Amerikában, feltedd a kérdéseidet, és felfedezd a Magyarország által kínált sokszínű oktatási lehetőségeket! Ne maradj le – regisztrálj a vásárokra, és tedd meg az első lépést európai jövőd felé! &nbsp; Sao Paulo &#8211; FPP Felsőoktatási Vásár Szeptember 27. és 28. Regisztrálj itt: https://brazil.thestudentworld.com/sao-paulo &#8212;&#8212;&#8212;&#8212;&#8212;&#8212;&#8212;&#8212;&#8212;&#8212;&#8212;&#8212;&#8212;&#8212;&#8212;&#8212;&#8212;&#8212;&#8212;&#8212;&#8212;&#8212;&#8212;&#8212;&#8212;&#8212;&#8212;- Rio de Janeiro &#8211; FPP [&hellip;]</p>
