{"id":14852,"date":"2024-12-17T09:28:08","date_gmt":"2024-12-17T08:28:08","guid":{"rendered":"https:\/\/diasporascholarship.hu\/?post_type=portfolio&#038;p=14852"},"modified":"2024-12-17T09:28:08","modified_gmt":"2024-12-17T08:28:08","slug":"egy-kulonleges-nyari-kaland-jelentkezz-a-diaszpora-felsooktatasi-osztondij-nyari-egyetemi-kurzusaira","status":"publish","type":"portfolio","link":"https:\/\/diasporascholarship.hu\/hu\/hir\/egy-kulonleges-nyari-kaland-jelentkezz-a-diaszpora-felsooktatasi-osztondij-nyari-egyetemi-kurzusaira\/","title":{"rendered":"Egy k\u00fcl\u00f6nleges ny\u00e1ri kaland: Jelentkezz a Diaszp\u00f3ra Fels\u0151oktat\u00e1si \u00d6szt\u00f6nd\u00edj ny\u00e1ri egyetemi kurzusaira!"},"content":{"rendered":"<p>Az idei els\u0151 ny\u00e1ri egyetem \u00f3ri\u00e1si siker volt, 2025 nyar\u00e1n pedig ism\u00e9t v\u00e1runk egy felejthetetlen kalandra! Ha a j\u00f6v\u0151ben Magyarorsz\u00e1gon tanuln\u00e1l, ez most remek lehet\u0151s\u00e9g, hogy p\u00e1r h\u00e9t alatt megismerd az orsz\u00e1got \u00e9s a magyar kult\u00far\u00e1t. Az \u00f6szt\u00f6nd\u00edj csaknem az \u00f6sszes k\u00f6lts\u00e9ged fedezi, \u00edgy te kiz\u00e1r\u00f3lag a k\u00e9pz\u00e9sedre \u00e9s a k\u00f6z\u00f6ss\u00e9gi programokra koncentr\u00e1lhatsz.<\/p>\n<h3 style=\"text-align: center;\"><a href=\"https:\/\/diasporascholarship.hu\/hu\/nyari-egyetemek\/\" target=\"_blank\" rel=\"noopener\"><strong>JELENTKEZZ ITT!<\/strong><\/a><\/h3>\n<p><strong>Amit aj\u00e1nlunk: <\/strong><\/p>\n<p><strong>Inspir\u00e1l\u00f3 kurzusok<\/strong>: A legjobb magyarorsz\u00e1gi egyetemek \u00e9s oktat\u00e1si int\u00e9zm\u00e9nyek 2-4 h\u00e9tig terjed\u0151 magyar nyelvi \u00e9s tematikus k\u00e9pz\u00e9seib\u0151l v\u00e1logathatsz.<\/p>\n<p><strong>K\u00f6z\u00f6ss\u00e9gi \u00e9lm\u00e9ny:<\/strong> A kurzusokon magyar \u00e9s m\u00e1s nemzetis\u00e9g\u0171 di\u00e1kokkal tal\u00e1lkozhatsz a vil\u00e1g minden t\u00e1j\u00e1r\u00f3l.<\/p>\n<p><strong>Kultur\u00e1lis programok<\/strong>: Kir\u00e1ndul\u00e1sokon, t\u00e1nch\u00e1zban \u00e9s egy sereg m\u00e1s programban vehetsz r\u00e9szt Magyarorsz\u00e1g legszebb helysz\u00ednein.<\/p>\n<p><strong>Az \u00f6szt\u00f6nd\u00edj juttat\u00e1sai: <\/strong><\/p>\n<ul>\n<li>Tand\u00edjmentes k\u00e9pz\u00e9s<\/li>\n<li>Sz\u00e1ll\u00e1s<\/li>\n<li>\u00c9tkez\u00e9s<\/li>\n<li>Utasbiztos\u00edt\u00e1s<\/li>\n<\/ul>\n<p><strong>R\u00e9szv\u00e9teli felt\u00e9telek<\/strong>:<\/p>\n<ul>\n<li>Magyar felmen\u0151kkel rendelkezel, \u00e9s Eur\u00f3p\u00e1n k\u00edv\u00fcli magyar diaszp\u00f3r\u00e1ban \u00e9lsz.<\/li>\n<li>Ha jelenleg Diaszp\u00f3ra \u00f6szt\u00f6nd\u00edjas vagy, abban az esetben jelentkezhetsz, ha a megl\u00e9v\u0151 \u00f6szt\u00f6nd\u00edjas st\u00e1tuszod megsz\u0171nik az adott ny\u00e1ri egyetemi kurzus kezdet\u00e9ig.<\/li>\n<\/ul>\n<p><strong>Jelentkez\u00e9si hat\u00e1rid\u0151<\/strong>: 2025. febru\u00e1r 28. 14:00 \u00f3ra. (k\u00f6z\u00e9p-eur\u00f3pai id\u0151)<\/p>\n<p><strong>Tov\u00e1bbi inform\u00e1ci\u00f3<\/strong>: Olvasd el a <a href=\"https:\/\/diasporascholarship.hu\/wp-content\/uploads\/palyazati_felhivas_nyari_egyetemek.pdf\" target=\"_blank\" rel=\"noopener\"><strong>P\u00c1LY\u00c1ZATI FELH\u00cdV\u00c1ST<\/strong><\/a>!<\/p>\n","protected":false},"excerpt":{"rendered":"<p>Vannak magyar felmen\u0151id, \u00e9s kipr\u00f3b\u00e1ln\u00e1d milyen egy magyarorsz\u00e1gi egyetemen tanulni? Itt a lehet\u0151s\u00e9g, hogy ny\u00e1ron p\u00e1r hetet Magyarorsz\u00e1gon t\u00f6lts, \u00faj bar\u00e1tokat szerezz, fejleszd magyar nyelvtud\u00e1sod \u00e9s \u00faj ismeretekkel b\u0151v\u00edtsd tud\u00e1sod. Ha \u00e9rdekel a magyar nyelv \u00e9s kult\u00fara, felfedezn\u00e9d a magyar n\u00e9pzenei hagyom\u00e1nyainkat vagy megismern\u00e9d a leg\u00fajabb tudom\u00e1nyos eredm\u00e9nyeket, \u00e9s tartalmas ny\u00e1ri programot keresel, jelentkezz a Diaszp\u00f3ra Fels\u0151oktat\u00e1si \u00d6szt\u00f6nd\u00edj ny\u00e1ri egyetemi kurzusaira!<\/p>\n","protected":false},"featured_media":14849,"comment_status":"closed","ping_status":"closed","template":"","tags":[],"portfolio_entries":[39],"class_list":["post-14852","portfolio","type-portfolio","status-publish","has-post-thumbnail","hentry","portfolio_entries-aktualis"],"_links":{"self":[{"href":"https:\/\/diasporascholarship.hu\/hu\/wp-json\/wp\/v2\/portfolio\/14852","targetHints":{"allow":["GET"]}}],"collection":[{"href":"https:\/\/diasporascholarship.hu\/hu\/wp-json\/wp\/v2\/portfolio"}],"about":[{"href":"https:\/\/diasporascholarship.hu\/hu\/wp-json\/wp\/v2\/types\/portfolio"}],"replies":[{"embeddable":true,"href":"https:\/\/diasporascholarship.hu\/hu\/wp-json\/wp\/v2\/comments?post=14852"}],"version-history":[{"count":4,"href":"https:\/\/diasporascholarship.hu\/hu\/wp-json\/wp\/v2\/portfolio\/14852\/revisions"}],"predecessor-version":[{"id":14863,"href":"https:\/\/diasporascholarship.hu\/hu\/wp-json\/wp\/v2\/portfolio\/14852\/revisions\/14863"}],"wp:featuredmedia":[{"embeddable":true,"href":"https:\/\/diasporascholarship.hu\/hu\/wp-json\/wp\/v2\/media\/14849"}],"wp:attachment":[{"href":"https:\/\/diasporascholarship.hu\/hu\/wp-json\/wp\/v2\/media?parent=14852"}],"wp:term":[{"taxonomy":"post_tag","embeddable":true,"href":"https:\/\/diasporascholarship.hu\/hu\/wp-json\/wp\/v2\/tags?post=14852"},{"taxonomy":"portfolio_entries","embeddable":true,"href":"https:\/\/diasporascholarship.hu\/hu\/wp-json\/wp\/v2\/portfolio_entries?post=14852"}],"curies":[{"name":"wp","href":"https:\/\/api.w.org\/{rel}","templated":true}]}}

Egy különleges nyári kaland: Jelentkezz a Diaszpóra Felsőoktatási Ösztöndíj nyári egyetemi kurzusaira!

<p>Az idei első nyári egyetem óriási siker volt, 2025 nyarán pedig ismét várunk egy felejthetetlen kalandra! Ha a jövőben Magyarországon tanulnál, ez most remek lehetőség, hogy pár hét alatt megismerd az országot és a magyar kultúrát. Az ösztöndíj csaknem az összes költséged fedezi, így te kizárólag a képzésedre és a közösségi programokra koncentrálhatsz.</p>
<h3 style="text-align: center;"><a href="https://diasporascholarship.hu/hu/nyari-egyetemek/" target="_blank" rel="noopener"><strong>JELENTKEZZ ITT!</strong></a></h3>
<p><strong>Amit ajánlunk: </strong></p>
<p><strong>Inspiráló kurzusok</strong>: A legjobb magyarországi egyetemek és oktatási intézmények 2-4 hétig terjedő magyar nyelvi és tematikus képzéseiből válogathatsz.</p>
<p><strong>Közösségi élmény:</strong> A kurzusokon magyar és más nemzetiségű diákokkal találkozhatsz a világ minden tájáról.</p>
<p><strong>Kulturális programok</strong>: Kirándulásokon, táncházban és egy sereg más programban vehetsz részt Magyarország legszebb helyszínein.</p>
<p><strong>Az ösztöndíj juttatásai: </strong></p>
<ul>
<li>Tandíjmentes képzés</li>
<li>Szállás</li>
<li>Étkezés</li>
<li>Utasbiztosítás</li>
</ul>
<p><strong>Részvételi feltételek</strong>:</p>
<ul>
<li>Magyar felmenőkkel rendelkezel, és Európán kívüli magyar diaszpórában élsz.</li>
<li>Ha jelenleg Diaszpóra ösztöndíjas vagy, abban az esetben jelentkezhetsz, ha a meglévő ösztöndíjas státuszod megszűnik az adott nyári egyetemi kurzus kezdetéig.</li>
</ul>
<p><strong>Jelentkezési határidő</strong>: 2025. február 28. 14:00 óra. (közép-európai idő)</p>
<p><strong>További információ</strong>: Olvasd el a <a href="https://diasporascholarship.hu/wp-content/uploads/palyazati_felhivas_nyari_egyetemek.pdf" target="_blank" rel="noopener"><strong>PÁLYÁZATI FELHÍVÁST</strong></a>!</p>

<p>Vannak magyar felmenőid, és kipróbálnád milyen egy magyarországi egyetemen tanulni? Itt a lehetőség, hogy nyáron pár hetet Magyarországon tölts, új barátokat szerezz, fejleszd magyar nyelvtudásod és új ismeretekkel bővítsd tudásod. Ha érdekel a magyar nyelv és kultúra, felfedeznéd a magyar népzenei hagyományainkat vagy megismernéd a legújabb tudományos eredményeket, és tartalmas nyári programot keresel, jelentkezz a Diaszpóra Felsőoktatási Ösztöndíj nyári egyetemi kurzusaira!</p>
