{"id":11752,"date":"2023-09-05T15:46:34","date_gmt":"2023-09-05T13:46:34","guid":{"rendered":"https:\/\/diasporascholarship.hu\/?post_type=portfolio&#038;p=11752"},"modified":"2023-09-05T15:54:09","modified_gmt":"2023-09-05T13:54:09","slug":"fedezd-fel-a-magyar-kulturat","status":"publish","type":"portfolio","link":"https:\/\/diasporascholarship.hu\/hu\/hir\/fedezd-fel-a-magyar-kulturat\/","title":{"rendered":"Fedezd fel a magyar kult\u00far\u00e1t!"},"content":{"rendered":"<p><strong>Fedezd fel!<\/strong><\/p>\n<p>A Budai V\u00e1rnegyed a f\u0151v\u00e1ros egyik legismertebb szimb\u00f3luma. A Budav\u00e1ri Palot\u00e1t\u00f3l \u00e9s a Magyar Nemzeti Gal\u00e9ri\u00e1t\u00f3l kezdve a M\u00e1ty\u00e1s-templomig vagy a Hal\u00e1szb\u00e1sty\u00e1ig ez a t\u00f6rt\u00e9nelmi negyed rengeteg felfedeznival\u00f3t k\u00edn\u00e1l l\u00e9legzetel\u00e1ll\u00edt\u00f3 dunai panor\u00e1m\u00e1val.<\/p>\n<p><img loading=\"lazy\" decoding=\"async\" class=\"aligncenter wp-image-11740\" src=\"https:\/\/diasporascholarship.hu\/wp-content\/uploads\/kep1_var.jpg\" alt=\"\" width=\"600\" height=\"375\" srcset=\"https:\/\/diasporascholarship.hu\/wp-content\/uploads\/kep1_var.jpg 941w, https:\/\/diasporascholarship.hu\/wp-content\/uploads\/kep1_var-300x187.jpg 300w, https:\/\/diasporascholarship.hu\/wp-content\/uploads\/kep1_var-768x480.jpg 768w, https:\/\/diasporascholarship.hu\/wp-content\/uploads\/kep1_var-705x441.jpg 705w\" sizes=\"auto, (max-width: 600px) 100vw, 600px\" \/><\/p>\n<p>Budapesten \u00e9l\u00e9nk kort\u00e1rs m\u0171v\u00e9szeti \u00e9s diz\u00e1jn szc\u00e9na van, olyan k\u00f6zpontokkal, mint a Bart\u00f3k B\u00e9la k\u00f6r\u00fat a 11. ker\u00fcletben, ahol rengeteg f\u00fcggetlen gal\u00e9ria, antikv\u00e1rium \u00e9s m\u0171v\u00e9szk\u00e1v\u00e9z\u00f3 tal\u00e1lhat\u00f3. A \u201em\u0171v\u00e9szetek v\u00e1rosa&#8221;, Szentendre szint\u00e9n pezsg\u0151 kultur\u00e1lis \u00e9lettel rendelkezik k\u00f6zvetlen\u00fcl Budapest szomsz\u00e9ds\u00e1g\u00e1ban a Duna-parton. Szentendr\u00e9n tal\u00e1lhat\u00f3 haz\u00e1nk legnagyobb szabadt\u00e9ri n\u00e9prajzi m\u00fazeuma, a Skanzen is, ahol megismerheted Magyarorsz\u00e1g k\u00fcl\u00f6nb\u00f6z\u0151 r\u00e9gi\u00f3inak hagyom\u00e1nyos n\u00e9pi \u00e9p\u00edt\u00e9szet\u00e9t \u00e9s \u00e9letm\u00f3dj\u00e1t az elm\u00falt \u00e9vsz\u00e1zadokb\u00f3l.<\/p>\n<p>Vid\u00e9ken is rengeteg a l\u00e1tnival\u00f3: a p\u00e9csi Zsolnay Kultur\u00e1lis Negyed vagy a debreceni MODEM Modern \u00e9s Kort\u00e1rs M\u0171v\u00e9szeti K\u00f6zpont nemzetk\u00f6zileg elismert kultur\u00e1lis k\u00f6zpontok, sz\u00e1mos ki\u00e1ll\u00edt\u00e1ssal.\u00a0 Ny\u00e1ron \u00e9rdemes ell\u00e1togatni a legr\u00e9gebbi \u00f6sszm\u0171v\u00e9szeti fesztiv\u00e1lra, a M\u0171v\u00e9szetek V\u00f6lgy\u00e9be, amely t\u00f6bb mint 500 programot k\u00edn\u00e1l sz\u00ednh\u00e1zzal, irodalommal, koncertekkel, \u00fajcirkusszal \u00e9s workshopokkal a Balaton-felvid\u00e9k gy\u00f6ny\u00f6r\u0171 t\u00e1jain.<\/p>\n<p><strong>Hallgasd meg!<\/strong><\/p>\n<p>Magyarorsz\u00e1g soksz\u00edn\u0171 zenei k\u00edn\u00e1lattal rendelkezik szimfonikus koncertekkel, el\u0151ad\u00e1sokkal, szabadt\u00e9ri rendezv\u00e9nyekkel \u00e9s zenei fesztiv\u00e1lokkal. Ha Budapesten vagy, \u00e9rdemes ell\u00e1togatnod a Magyar Zene H\u00e1z\u00e1ba, amely egy impoz\u00e1ns koncerthelysz\u00edn, oktat\u00e1si k\u00f6zpont \u00e9s m\u00fazeum is d\u00edjnyertes \u00e9p\u00edt\u00e9szeti kivitelez\u00e9ssel a V\u00e1rosligetben.<\/p>\n<p><img loading=\"lazy\" decoding=\"async\" class=\"aligncenter wp-image-11742\" src=\"https:\/\/diasporascholarship.hu\/wp-content\/uploads\/kep2_zenehaza.jpg\" alt=\"\" width=\"600\" height=\"400\" srcset=\"https:\/\/diasporascholarship.hu\/wp-content\/uploads\/kep2_zenehaza.jpg 780w, https:\/\/diasporascholarship.hu\/wp-content\/uploads\/kep2_zenehaza-300x200.jpg 300w, https:\/\/diasporascholarship.hu\/wp-content\/uploads\/kep2_zenehaza-768x512.jpg 768w, https:\/\/diasporascholarship.hu\/wp-content\/uploads\/kep2_zenehaza-391x260.jpg 391w, https:\/\/diasporascholarship.hu\/wp-content\/uploads\/kep2_zenehaza-705x470.jpg 705w\" sizes=\"auto, (max-width: 600px) 100vw, 600px\" \/><\/p>\n<p>Magyarorsz\u00e1gon \u00e9vr\u0151l \u00e9vre egyre t\u00f6bb nemzetk\u00f6zileg is elismert fesztiv\u00e1l v\u00e1rja a l\u00e1togat\u00f3kat. A budapesti Sziget Fesztiv\u00e1l, a debreceni Campus Fesztiv\u00e1l vagy a szegedi SZIN fesztiv\u00e1l di\u00e1kok \u00e9s \u00e9rdekl\u0151d\u0151k ezreit vonzza az orsz\u00e1g \u00e9s a vil\u00e1g minden r\u00e9sz\u00e9b\u0151l.<\/p>\n<p><strong>N\u00e9zd meg!<\/strong><\/p>\n<p>Az elm\u00falt 10 \u00e9vben a magyar filmipar k\u00e9t Oscar-d\u00edjjal (<em>Saul fia<\/em> 2015-ben \u00e9s <em>Mindenki<\/em> 2016-ban) \u00e9s t\u00f6bb fontos nemzetk\u00f6zi d\u00edjjal gazdagodott. Ha magyar filmeket n\u00e9zn\u00e9l, a Nemzeti Filmint\u00e9zet Filmarch\u00edvum\u00e1ban rengeteg klasszikust tal\u00e1lsz, a leg\u00fajabb magyar filmek\u00e9rt pedig l\u00e1togass el a helyi filmfesztiv\u00e1lokra.<\/p>\n<p><img loading=\"lazy\" decoding=\"async\" class=\"aligncenter wp-image-11744\" src=\"https:\/\/diasporascholarship.hu\/wp-content\/uploads\/kep3_sing.png\" alt=\"\" width=\"600\" height=\"338\" srcset=\"https:\/\/diasporascholarship.hu\/wp-content\/uploads\/kep3_sing.png 720w, https:\/\/diasporascholarship.hu\/wp-content\/uploads\/kep3_sing-300x169.png 300w, https:\/\/diasporascholarship.hu\/wp-content\/uploads\/kep3_sing-705x397.png 705w\" sizes=\"auto, (max-width: 600px) 100vw, 600px\" \/><\/p>\n<p>A hazai sz\u00ednh\u00e1zi szc\u00e9na izgalmas el\u0151ad\u00e1sokat k\u00edn\u00e1l orsz\u00e1gszerte. Az \u00e9vad szeptemberben kezd\u0151dik \u00e9s m\u00e1jusban \u00e9r v\u00e9get, de a ny\u00e1ri id\u0151szakban is vannak sz\u00ednh\u00e1zi fesztiv\u00e1lok \u00e9s szabadt\u00e9ri el\u0151ad\u00e1sok. A t\u00e1ncm\u0171v\u00e9szet rajong\u00f3i a klasszikus balett \u00e9s a kort\u00e1rs t\u00e1nc m\u0171faj\u00e1ban is rendszeres el\u0151ad\u00e1sok k\u00f6z\u00fcl v\u00e1logathatnak. \u00c9rdemes figyelemmel k\u00f6vetni a Gy\u0151ri Balett \u00e9s a P\u00e9csi Balett vagy a budapesti Traf\u00f3 Kort\u00e1rs M\u0171v\u00e9szetek H\u00e1za t\u00e1nc- \u00e9s k\u00e9pz\u0151m\u0171v\u00e9szeti k\u00edn\u00e1lat\u00e1t. Az Operah\u00e1zba mindenk\u00e9pp \u00e9rdemes ell\u00e1togatnod, nem csak az impoz\u00e1ns \u00e9p\u00fclet miatt, hanem a kit\u0171n\u0151 el\u0151ad\u00e1sok\u00e9rt is.<\/p>\n<p><strong>Inspir\u00e1l\u00f3dj!<\/strong><\/p>\n<p>A magyar diz\u00e1jn- \u00e9s divatszc\u00e9na nemzetk\u00f6zileg is elismert, egyre t\u00f6bb a kiemelked\u0151 hazai divatm\u00e1rka, designv\u00e1s\u00e1r, kreat\u00edv st\u00fadi\u00f3. A legfrissebb designtrendeket az \u00e9vente megrendezett Budapest Design H\u00e9ten, a magyar divattervez\u0151k kollekci\u00f3it pedig a budapesti divath\u00e9ten (Budapest Central European Fashion Week) n\u00e9zheted meg.<\/p>\n<p><strong>Pr\u00f3b\u00e1ld ki!<\/strong><\/p>\n<p>Ha sz\u00edvesen megismern\u00e9d a magyar n\u00e9pi hagyom\u00e1nyokat, \u00e9rdemes felkeresned a helyi k\u00f6z\u00f6ss\u00e9gi- \u00e9s ifj\u00fas\u00e1gi k\u00f6zpontokat, ahol workshopok, klubd\u00e9lut\u00e1nok, el\u0151ad\u00e1sok, besz\u00e9lget\u00e9sek, sportesem\u00e9nyek, \u00e9s koncertek v\u00e1rnak r\u00e1d. Egy igazi magyar saj\u00e1toss\u00e1g a t\u00e1nch\u00e1z, ahol magyar n\u00e9pt\u00e1ncot \u00e9s n\u00e9pzen\u00e9t tanulhatsz. A Hagyom\u00e1nyok H\u00e1za rendszeresen szervez t\u00e1nch\u00e1zakat, amely remek m\u00f3dszer arra, hogy egy m\u00e1sik kult\u00far\u00e1t szavak n\u00e9lk\u00fcl is meg\u00e9rts\u00fcnk.<\/p>\n<p><strong>Tudtad?<\/strong><\/p>\n<p>2023-ban Veszpr\u00e9m \u00e9s a Bakony-Balaton r\u00e9gi\u00f3 k\u00e9pviseli az Eur\u00f3pa Kultur\u00e1lis F\u0151v\u00e1rosa c\u00edmet. A r\u00e9gi\u00f3 eg\u00e9sz \u00e9vben Eur\u00f3pa legjelent\u0151sebb kultur\u00e1lis k\u00f6zpontja, rengeteg m\u0171v\u00e9szeti programmal \u00e9s rendezv\u00e9nnyel. A Veszpr\u00e9m-Balaton 2023 Eur\u00f3pa Kultur\u00e1lis F\u0151v\u00e1rosa programsorozatr\u00f3l egy kor\u00e1bbi cikkben tal\u00e1lsz r\u00e9szletes inform\u00e1ci\u00f3t a Study in Hungary weboldalon <a href=\"http:\/\/studyinhungary.hu\/blog\/veszprem-balaton-2023-european-cultural-capital\" target=\"_blank\" rel=\"noopener\">ITT<\/a>.<\/p>\n<p><img loading=\"lazy\" decoding=\"async\" class=\"aligncenter wp-image-11748\" src=\"https:\/\/diasporascholarship.hu\/wp-content\/uploads\/kep2-1-768x512-1.jpg\" alt=\"\" width=\"600\" height=\"400\" srcset=\"https:\/\/diasporascholarship.hu\/wp-content\/uploads\/kep2-1-768x512-1.jpg 768w, https:\/\/diasporascholarship.hu\/wp-content\/uploads\/kep2-1-768x512-1-300x200.jpg 300w, https:\/\/diasporascholarship.hu\/wp-content\/uploads\/kep2-1-768x512-1-391x260.jpg 391w, https:\/\/diasporascholarship.hu\/wp-content\/uploads\/kep2-1-768x512-1-705x470.jpg 705w\" sizes=\"auto, (max-width: 600px) 100vw, 600px\" \/><\/p>\n<p><strong>Linkek<\/strong>:<\/p>\n<p>Magyar Zene H\u00e1za: <a href=\"https:\/\/zenehaza.hu\/\" target=\"_blank\" rel=\"noopener\">https:\/\/zenehaza.hu\/<\/a><\/p>\n<p>Zsolnay Kultur\u00e1lis Negyed, P\u00e9cs: <a href=\"https:\/\/www.zsolnaynegyed.hu\/\" target=\"_blank\" rel=\"noopener\">https:\/\/www.zsolnaynegyed.hu\/<\/a><\/p>\n<p>Nemzeti Filmint\u00e9zet: <a href=\"https:\/\/nfi.hu\/\" target=\"_blank\" rel=\"noopener\">https:\/\/nfi.hu\/<\/a><\/p>\n<p>Hagyom\u00e1nyok H\u00e1za: <a href=\"https:\/\/hagyomanyokhaza.hu\/hu\" target=\"_blank\" rel=\"noopener\">https:\/\/hagyomanyokhaza.hu\/hu<\/a><\/p>\n<p>Veszpr\u00e9m-Balaton 2023: <a href=\"https:\/\/veszprembalaton2023.hu\/\" target=\"_blank\" rel=\"noopener\">https:\/\/veszprembalaton2023.hu\/<\/a><\/p>\n","protected":false},"excerpt":{"rendered":"<p>Ha most \u00e9rkezel Magyarorsz\u00e1gra, vagy m\u00e1r itt \u00e9lsz di\u00e1kk\u00e9nt, a legjobb m\u00f3d a beilleszked\u00e9sre, ha k\u00f6zelebbr\u0151l is megismered az orsz\u00e1g kult\u00far\u00e1j\u00e1t. V\u00e1logat\u00e1sunkban f\u0151v\u00e1rosi \u00e9s vid\u00e9ki kultur\u00e1lis programokat, l\u00e1tnival\u00f3kat gy\u0171jt\u00f6tt\u00fcnk \u00f6ssze a magyar hagyom\u00e1nyokt\u00f3l a kort\u00e1rs hazai m\u0171v\u00e9szetig. <\/p>\n","protected":false},"featured_media":11746,"comment_status":"closed","ping_status":"closed","template":"","tags":[],"portfolio_entries":[39],"class_list":["post-11752","portfolio","type-portfolio","status-publish","has-post-thumbnail","hentry","portfolio_entries-aktualis"],"_links":{"self":[{"href":"https:\/\/diasporascholarship.hu\/hu\/wp-json\/wp\/v2\/portfolio\/11752","targetHints":{"allow":["GET"]}}],"collection":[{"href":"https:\/\/diasporascholarship.hu\/hu\/wp-json\/wp\/v2\/portfolio"}],"about":[{"href":"https:\/\/diasporascholarship.hu\/hu\/wp-json\/wp\/v2\/types\/portfolio"}],"replies":[{"embeddable":true,"href":"https:\/\/diasporascholarship.hu\/hu\/wp-json\/wp\/v2\/comments?post=11752"}],"version-history":[{"count":4,"href":"https:\/\/diasporascholarship.hu\/hu\/wp-json\/wp\/v2\/portfolio\/11752\/revisions"}],"predecessor-version":[{"id":11755,"href":"https:\/\/diasporascholarship.hu\/hu\/wp-json\/wp\/v2\/portfolio\/11752\/revisions\/11755"}],"wp:featuredmedia":[{"embeddable":true,"href":"https:\/\/diasporascholarship.hu\/hu\/wp-json\/wp\/v2\/media\/11746"}],"wp:attachment":[{"href":"https:\/\/diasporascholarship.hu\/hu\/wp-json\/wp\/v2\/media?parent=11752"}],"wp:term":[{"taxonomy":"post_tag","embeddable":true,"href":"https:\/\/diasporascholarship.hu\/hu\/wp-json\/wp\/v2\/tags?post=11752"},{"taxonomy":"portfolio_entries","embeddable":true,"href":"https:\/\/diasporascholarship.hu\/hu\/wp-json\/wp\/v2\/portfolio_entries?post=11752"}],"curies":[{"name":"wp","href":"https:\/\/api.w.org\/{rel}","templated":true}]}}

Fedezd fel a magyar kultúrát!

<p><strong>Fedezd fel!</strong></p>
<p>A Budai Várnegyed a főváros egyik legismertebb szimbóluma. A Budavári Palotától és a Magyar Nemzeti Galériától kezdve a Mátyás-templomig vagy a Halászbástyáig ez a történelmi negyed rengeteg felfedeznivalót kínál lélegzetelállító dunai panorámával.</p>
<p><img loading="lazy" decoding="async" class="aligncenter wp-image-11740" src="https://diasporascholarship.hu/wp-content/uploads/kep1_var.jpg" alt="" width="600" height="375" srcset="https://diasporascholarship.hu/wp-content/uploads/kep1_var.jpg 941w, https://diasporascholarship.hu/wp-content/uploads/kep1_var-300x187.jpg 300w, https://diasporascholarship.hu/wp-content/uploads/kep1_var-768x480.jpg 768w, https://diasporascholarship.hu/wp-content/uploads/kep1_var-705x441.jpg 705w" sizes="auto, (max-width: 600px) 100vw, 600px" /></p>
<p>Budapesten élénk kortárs művészeti és dizájn szcéna van, olyan központokkal, mint a Bartók Béla körút a 11. kerületben, ahol rengeteg független galéria, antikvárium és művészkávézó található. A „művészetek városa&#8221;, Szentendre szintén pezsgő kulturális élettel rendelkezik közvetlenül Budapest szomszédságában a Duna-parton. Szentendrén található hazánk legnagyobb szabadtéri néprajzi múzeuma, a Skanzen is, ahol megismerheted Magyarország különböző régióinak hagyományos népi építészetét és életmódját az elmúlt évszázadokból.</p>
<p>Vidéken is rengeteg a látnivaló: a pécsi Zsolnay Kulturális Negyed vagy a debreceni MODEM Modern és Kortárs Művészeti Központ nemzetközileg elismert kulturális központok, számos kiállítással.  Nyáron érdemes ellátogatni a legrégebbi összművészeti fesztiválra, a Művészetek Völgyébe, amely több mint 500 programot kínál színházzal, irodalommal, koncertekkel, újcirkusszal és workshopokkal a Balaton-felvidék gyönyörű tájain.</p>
<p><strong>Hallgasd meg!</strong></p>
<p>Magyarország sokszínű zenei kínálattal rendelkezik szimfonikus koncertekkel, előadásokkal, szabadtéri rendezvényekkel és zenei fesztiválokkal. Ha Budapesten vagy, érdemes ellátogatnod a Magyar Zene Házába, amely egy impozáns koncerthelyszín, oktatási központ és múzeum is díjnyertes építészeti kivitelezéssel a Városligetben.</p>
<p><img loading="lazy" decoding="async" class="aligncenter wp-image-11742" src="https://diasporascholarship.hu/wp-content/uploads/kep2_zenehaza.jpg" alt="" width="600" height="400" srcset="https://diasporascholarship.hu/wp-content/uploads/kep2_zenehaza.jpg 780w, https://diasporascholarship.hu/wp-content/uploads/kep2_zenehaza-300x200.jpg 300w, https://diasporascholarship.hu/wp-content/uploads/kep2_zenehaza-768x512.jpg 768w, https://diasporascholarship.hu/wp-content/uploads/kep2_zenehaza-391x260.jpg 391w, https://diasporascholarship.hu/wp-content/uploads/kep2_zenehaza-705x470.jpg 705w" sizes="auto, (max-width: 600px) 100vw, 600px" /></p>
<p>Magyarországon évről évre egyre több nemzetközileg is elismert fesztivál várja a látogatókat. A budapesti Sziget Fesztivál, a debreceni Campus Fesztivál vagy a szegedi SZIN fesztivál diákok és érdeklődők ezreit vonzza az ország és a világ minden részéből.</p>
<p><strong>Nézd meg!</strong></p>
<p>Az elmúlt 10 évben a magyar filmipar két Oscar-díjjal (<em>Saul fia</em> 2015-ben és <em>Mindenki</em> 2016-ban) és több fontos nemzetközi díjjal gazdagodott. Ha magyar filmeket néznél, a Nemzeti Filmintézet Filmarchívumában rengeteg klasszikust találsz, a legújabb magyar filmekért pedig látogass el a helyi filmfesztiválokra.</p>
<p><img loading="lazy" decoding="async" class="aligncenter wp-image-11744" src="https://diasporascholarship.hu/wp-content/uploads/kep3_sing.png" alt="" width="600" height="338" srcset="https://diasporascholarship.hu/wp-content/uploads/kep3_sing.png 720w, https://diasporascholarship.hu/wp-content/uploads/kep3_sing-300x169.png 300w, https://diasporascholarship.hu/wp-content/uploads/kep3_sing-705x397.png 705w" sizes="auto, (max-width: 600px) 100vw, 600px" /></p>
<p>A hazai színházi szcéna izgalmas előadásokat kínál országszerte. Az évad szeptemberben kezdődik és májusban ér véget, de a nyári időszakban is vannak színházi fesztiválok és szabadtéri előadások. A táncművészet rajongói a klasszikus balett és a kortárs tánc műfajában is rendszeres előadások közül válogathatnak. Érdemes figyelemmel követni a Győri Balett és a Pécsi Balett vagy a budapesti Trafó Kortárs Művészetek Háza tánc- és képzőművészeti kínálatát. Az Operaházba mindenképp érdemes ellátogatnod, nem csak az impozáns épület miatt, hanem a kitűnő előadásokért is.</p>
<p><strong>Inspirálódj!</strong></p>
<p>A magyar dizájn- és divatszcéna nemzetközileg is elismert, egyre több a kiemelkedő hazai divatmárka, designvásár, kreatív stúdió. A legfrissebb designtrendeket az évente megrendezett Budapest Design Héten, a magyar divattervezők kollekcióit pedig a budapesti divathéten (Budapest Central European Fashion Week) nézheted meg.</p>
<p><strong>Próbáld ki!</strong></p>
<p>Ha szívesen megismernéd a magyar népi hagyományokat, érdemes felkeresned a helyi közösségi- és ifjúsági központokat, ahol workshopok, klubdélutánok, előadások, beszélgetések, sportesemények, és koncertek várnak rád. Egy igazi magyar sajátosság a táncház, ahol magyar néptáncot és népzenét tanulhatsz. A Hagyományok Háza rendszeresen szervez táncházakat, amely remek módszer arra, hogy egy másik kultúrát szavak nélkül is megértsünk.</p>
<p><strong>Tudtad?</strong></p>
<p>2023-ban Veszprém és a Bakony-Balaton régió képviseli az Európa Kulturális Fővárosa címet. A régió egész évben Európa legjelentősebb kulturális központja, rengeteg művészeti programmal és rendezvénnyel. A Veszprém-Balaton 2023 Európa Kulturális Fővárosa programsorozatról egy korábbi cikkben találsz részletes információt a Study in Hungary weboldalon <a href="http://studyinhungary.hu/blog/veszprem-balaton-2023-european-cultural-capital" target="_blank" rel="noopener">ITT</a>.</p>
<p><img loading="lazy" decoding="async" class="aligncenter wp-image-11748" src="https://diasporascholarship.hu/wp-content/uploads/kep2-1-768x512-1.jpg" alt="" width="600" height="400" srcset="https://diasporascholarship.hu/wp-content/uploads/kep2-1-768x512-1.jpg 768w, https://diasporascholarship.hu/wp-content/uploads/kep2-1-768x512-1-300x200.jpg 300w, https://diasporascholarship.hu/wp-content/uploads/kep2-1-768x512-1-391x260.jpg 391w, https://diasporascholarship.hu/wp-content/uploads/kep2-1-768x512-1-705x470.jpg 705w" sizes="auto, (max-width: 600px) 100vw, 600px" /></p>
<p><strong>Linkek</strong>:</p>
<p>Magyar Zene Háza: <a href="https://zenehaza.hu/" target="_blank" rel="noopener">https://zenehaza.hu/</a></p>
<p>Zsolnay Kulturális Negyed, Pécs: <a href="https://www.zsolnaynegyed.hu/" target="_blank" rel="noopener">https://www.zsolnaynegyed.hu/</a></p>
<p>Nemzeti Filmintézet: <a href="https://nfi.hu/" target="_blank" rel="noopener">https://nfi.hu/</a></p>
<p>Hagyományok Háza: <a href="https://hagyomanyokhaza.hu/hu" target="_blank" rel="noopener">https://hagyomanyokhaza.hu/hu</a></p>
<p>Veszprém-Balaton 2023: <a href="https://veszprembalaton2023.hu/" target="_blank" rel="noopener">https://veszprembalaton2023.hu/</a></p>

<p>Ha most érkezel Magyarországra, vagy már itt élsz diákként, a legjobb mód a beilleszkedésre, ha közelebbről is megismered az ország kultúráját. Válogatásunkban fővárosi és vidéki kulturális programokat, látnivalókat gyűjtöttünk össze a magyar hagyományoktól a kortárs hazai művészetig. </p>
