{"id":11330,"date":"2023-06-06T17:25:34","date_gmt":"2023-06-06T15:25:34","guid":{"rendered":"https:\/\/diasporascholarship.hu\/?post_type=portfolio&#038;p=11330"},"modified":"2023-06-06T17:25:34","modified_gmt":"2023-06-06T15:25:34","slug":"tihany-a-balaton-kincsesladaja","status":"publish","type":"portfolio","link":"https:\/\/diasporascholarship.hu\/hu\/hir\/tihany-a-balaton-kincsesladaja\/","title":{"rendered":"Tihany \u2013 a Balaton kincsesl\u00e1d\u00e1ja"},"content":{"rendered":"<p>Tihany k\u00f6zs\u00e9g a Tihanyi-f\u00e9lszigeten, Veszpr\u00e9m v\u00e1rmegy\u00e9ben tal\u00e1lhat\u00f3, Balatonf\u00fcredt\u0151l p\u00e1r kilom\u00e9terre. B\u00e1tran \u00e1ll\u00edthat\u00f3, hogy Magyarorsz\u00e1g egyik legszebb fekv\u00e9s\u0171 telep\u00fcl\u00e9se, amely rendk\u00edv\u00fcli term\u00e9szeti \u00e9s kultur\u00e1lis adotts\u00e1gokkal rendelkezik. A F\u00e9lsziget eg\u00e9sz\u00e9nek felfedez\u00e9s\u00e9re ak\u00e1r egy eg\u00e9sz h\u00e9tv\u00e9g\u00e9t is \u00e9rdemes lehet r\u00e1sz\u00e1nni. Azoknak, akik Tihany legismertebb l\u00e1tv\u00e1nyoss\u00e1gaira k\u00edv\u00e1ncsiak, a k\u00f6vetkez\u0151 programokat aj\u00e1nljuk:<\/p>\n<p><strong>Benc\u00e9s ap\u00e1ts\u00e1g \u00e9s ap\u00e1ts\u00e1gi m\u00fazeum<\/strong><\/p>\n<p>A k\u00f6zs\u00e9g k\u00f6zpontj\u00e1ban a Benc\u00e9s Ap\u00e1ts\u00e1g \u00e1ll, amelyet 1055-ben I. Andr\u00e1s magyar kir\u00e1ly alap\u00edtott. A kolostor alap\u00edt\u00f3 oklevele a legr\u00e9gebbi, eredeti form\u00e1j\u00e1ban fennmaradt magyarorsz\u00e1gi oklev\u00e9l, melynek latin nyelv\u0171 sz\u00f6veg\u00e9ben magyar szavakat, kifejez\u00e9seket is haszn\u00e1ltak. Ez\u00e9rt a magyar nyelv legr\u00e9gibb \u00edr\u00e1sos eml\u00e9ke is. A barokk st\u00edlusban \u00e9p\u00fclt templom napjainkban a benc\u00e9s k\u00f6z\u00f6ss\u00e9gnek ny\u00fajt otthont, akik a lelkip\u00e1sztori tev\u00e9kenys\u00e9g mellett vend\u00e9gl\u00e1t\u00e1ssal \u00e9s kultur\u00e1lis programok szervez\u00e9s\u00e9vel foglalkoznak. Az ap\u00e1ts\u00e1gban megtekinthet\u0151 egy interakt\u00edv ki\u00e1ll\u00edt\u00e1s mellett a l\u00e1togat\u00f3k a legszebb balatoni panor\u00e1m\u00e1ban is gy\u00f6ny\u00f6rk\u00f6dhetnek.<\/p>\n<p><img loading=\"lazy\" decoding=\"async\" class=\"aligncenter wp-image-11324\" src=\"https:\/\/diasporascholarship.hu\/wp-content\/uploads\/\/tihany-bences-apatsag-300x158.jpg\" alt=\"\" width=\"600\" height=\"315\" srcset=\"https:\/\/diasporascholarship.hu\/wp-content\/uploads\/tihany-bences-apatsag-300x158.jpg 300w, https:\/\/diasporascholarship.hu\/wp-content\/uploads\/tihany-bences-apatsag-1030x541.jpg 1030w, https:\/\/diasporascholarship.hu\/wp-content\/uploads\/tihany-bences-apatsag-768x403.jpg 768w, https:\/\/diasporascholarship.hu\/wp-content\/uploads\/tihany-bences-apatsag-705x370.jpg 705w, https:\/\/diasporascholarship.hu\/wp-content\/uploads\/tihany-bences-apatsag.jpg 1200w\" sizes=\"auto, (max-width: 600px) 100vw, 600px\" \/><\/p>\n<p><strong>Tihanyi visszhang<\/strong><\/p>\n<p>Tihany egyik leg\u00e9rdekesebb jelens\u00e9ge a h\u00edres visszhang, amely a XVIII. sz\u00e1zadt\u00f3l kezdve, a tihanyi ap\u00e1ts\u00e1g mai \u00e9p\u00fclet\u00e9nek fel\u00e9p\u00edt\u00e9se \u00f3ta hallhat\u00f3.\u00a0A Visszhang-dombon \u00e1ll egy k\u0151oszlop, amelyet csak echo-k\u0151k\u00e9nt emlegetnek. A legenda szerint, ha erre fel\u00e1llunk \u00e9s ki\u00e1ltunk egy nagyot, 2 m\u00e1sodperccel k\u00e9s\u0151bb m\u00e1r hallhatjuk is a t\u00f6bb mint 300 m\u00e9terre l\u00e9v\u0151 ap\u00e1ts\u00e1g \u00e9szaki fal\u00e1r\u00f3l h\u00e9tszeresen visszaver\u0151d\u0151 hangunkat.<\/p>\n<p><strong>Tihanyi t\u00e1jh\u00e1zak<\/strong><\/p>\n<p>A Parasztgazda H\u00e1z \u00e9s a Hal\u00e1szc\u00e9h H\u00e1z c\u00e9lja a n\u00e9pi \u00e9p\u00edtkez\u00e9s \u00e9s \u00e9letm\u00f3d bemutat\u00e1sa. A Balaton-felvid\u00e9ken \u00e9s a Bakony ter\u00fclet\u00e9n a f\u0151 \u00e9p\u00edt\u0151anyag a k\u0151 volt. Tihany k\u00f6zs\u00e9gben a n\u00e9pi \u00e9p\u00edtkez\u00e9s helyi st\u00edlust alak\u00edtott ki:\u00a0egyszer\u0171 vakolatlan bazalt term\u00e9sk\u0151 falakat h\u00faztak fel, az ablakok keret\u00e9t pedig feh\u00e9rre meszelt\u00e9k. Ez\u00e1ltal a tihanyi h\u00e1zak azonnal felismerhet\u0151ek \u00e9s m\u00e1s falubeli \u00e9p\u00edtkez\u00e9si form\u00e1t\u00f3l megk\u00fcl\u00f6nb\u00f6ztethet\u0151ek.<\/p>\n<p><img loading=\"lazy\" decoding=\"async\" class=\"aligncenter wp-image-11320\" src=\"https:\/\/diasporascholarship.hu\/wp-content\/uploads\/\/772a9199-0-300x182.jpg\" alt=\"\" width=\"600\" height=\"364\" srcset=\"https:\/\/diasporascholarship.hu\/wp-content\/uploads\/772a9199-0-300x182.jpg 300w, https:\/\/diasporascholarship.hu\/wp-content\/uploads\/772a9199-0-1030x626.jpg 1030w, https:\/\/diasporascholarship.hu\/wp-content\/uploads\/772a9199-0-768x467.jpg 768w, https:\/\/diasporascholarship.hu\/wp-content\/uploads\/772a9199-0-1536x933.jpg 1536w, https:\/\/diasporascholarship.hu\/wp-content\/uploads\/772a9199-0-2048x1244.jpg 2048w, https:\/\/diasporascholarship.hu\/wp-content\/uploads\/772a9199-0-1500x911.jpg 1500w, https:\/\/diasporascholarship.hu\/wp-content\/uploads\/772a9199-0-705x428.jpg 705w\" sizes=\"auto, (max-width: 600px) 100vw, 600px\" \/><\/p>\n<p><strong>Levendula h\u00e1z l\u00e1togat\u00f3k\u00f6zpont \u00e9s levendula\u00fcltetv\u00e9ny<\/strong><\/p>\n<p>Magyarorsz\u00e1g els\u0151 ipari c\u00e9l\u00fa levendula\u00fcltetv\u00e9ny\u00e9t az 1920-as \u00e9vekben telep\u00edtett\u00e9k Tihanyba Franciaorsz\u00e1gb\u00f3l hozott szapor\u00edt\u00f3anyaggal. A v\u00e1llalkoz\u00e1s igencsak sikeresnek bizonyult, amit az is j\u00f3l bizony\u00edt, hogy a Tihanyban aratott levendula ill\u00f3olaj tartalma magasabb volt, mint a franci\u00e1\u00e9. Ez els\u0151sorban a f\u00e9l-mediterr\u00e1n \u00e9ghajlatnak, a vulk\u00e1ni alapk\u0151zetnek \u00e9s a naps\u00fct\u00e9sben gazdag d\u00e9li fekv\u00e9snek k\u00f6sz\u00f6nhet\u0151. Tihanyban jelenleg t\u00f6bb helyen is tal\u00e1lhat\u00f3k levendula\u00fcltetv\u00e9nyek. Ezek k\u00f6z\u00fcl a legnagyobb 7 hekt\u00e1ron ter\u00fcl el.<\/p>\n<p><img loading=\"lazy\" decoding=\"async\" class=\"aligncenter wp-image-11322\" src=\"https:\/\/diasporascholarship.hu\/wp-content\/uploads\/\/lavender-g0524bba24_1280-300x204.jpg\" alt=\"\" width=\"600\" height=\"407\" srcset=\"https:\/\/diasporascholarship.hu\/wp-content\/uploads\/lavender-g0524bba24_1280-300x204.jpg 300w, https:\/\/diasporascholarship.hu\/wp-content\/uploads\/lavender-g0524bba24_1280-1030x699.jpg 1030w, https:\/\/diasporascholarship.hu\/wp-content\/uploads\/lavender-g0524bba24_1280-768x521.jpg 768w, https:\/\/diasporascholarship.hu\/wp-content\/uploads\/lavender-g0524bba24_1280-705x479.jpg 705w, https:\/\/diasporascholarship.hu\/wp-content\/uploads\/lavender-g0524bba24_1280.jpg 1280w\" sizes=\"auto, (max-width: 600px) 100vw, 600px\" \/><\/p>\n<p><strong>Tihanyi strandok<\/strong><\/p>\n<p>A F\u00e9lszigeten t\u00f6bb strand is tal\u00e1lhat\u00f3, amelyet el\u0151szeretettel vesznek ig\u00e9nybe a ny\u00e1ron f\u00fcrd\u0151zni v\u00e1gyok. A Balatonra \u00e9s a vitorl\u00e1s haj\u00f3kra a partr\u00f3l is remek kil\u00e1t\u00e1s ny\u00edlik. A t\u00f3parti b\u00fcf\u00e9kben pedig el\u00e9rhet\u0151ek az olyan klasszikus \u00e9telek, mint a balatoni fogas, avagy a l\u00e1ngos.<\/p>\n<p>L\u00e1togass el te is Tihanyba \u00e9s \u00edrd meg nek\u00fcnk, melyik l\u00e1tv\u00e1nyoss\u00e1g volt a kedvenced!<\/p>\n","protected":false},"excerpt":{"rendered":"<p>Tihany egy\u00e9rtelm\u0171en a Balaton-felvid\u00e9k egyik legizgalmasabb helye. Amellett, hogy rendk\u00edv\u00fcl gazdag t\u00f6rt\u00e9nelmi l\u00e1tnival\u00f3kban, a dombtet\u0151n tal\u00e1lhat\u00f3 Benc\u00e9s ap\u00e1ts\u00e1gb\u00f3l ny\u00edlik az egyik legszebb panor\u00e1ma a Magyar Tengerre. L\u00e1togass el te is Tihanyba, \u00e9s mer\u00fclj el a Balaton sz\u00e9ps\u00e9geiben!<\/p>\n","protected":false},"featured_media":11326,"comment_status":"closed","ping_status":"closed","template":"","tags":[],"portfolio_entries":[39],"class_list":["post-11330","portfolio","type-portfolio","status-publish","has-post-thumbnail","hentry","portfolio_entries-aktualis"],"_links":{"self":[{"href":"https:\/\/diasporascholarship.hu\/hu\/wp-json\/wp\/v2\/portfolio\/11330","targetHints":{"allow":["GET"]}}],"collection":[{"href":"https:\/\/diasporascholarship.hu\/hu\/wp-json\/wp\/v2\/portfolio"}],"about":[{"href":"https:\/\/diasporascholarship.hu\/hu\/wp-json\/wp\/v2\/types\/portfolio"}],"replies":[{"embeddable":true,"href":"https:\/\/diasporascholarship.hu\/hu\/wp-json\/wp\/v2\/comments?post=11330"}],"version-history":[{"count":4,"href":"https:\/\/diasporascholarship.hu\/hu\/wp-json\/wp\/v2\/portfolio\/11330\/revisions"}],"predecessor-version":[{"id":11334,"href":"https:\/\/diasporascholarship.hu\/hu\/wp-json\/wp\/v2\/portfolio\/11330\/revisions\/11334"}],"wp:featuredmedia":[{"embeddable":true,"href":"https:\/\/diasporascholarship.hu\/hu\/wp-json\/wp\/v2\/media\/11326"}],"wp:attachment":[{"href":"https:\/\/diasporascholarship.hu\/hu\/wp-json\/wp\/v2\/media?parent=11330"}],"wp:term":[{"taxonomy":"post_tag","embeddable":true,"href":"https:\/\/diasporascholarship.hu\/hu\/wp-json\/wp\/v2\/tags?post=11330"},{"taxonomy":"portfolio_entries","embeddable":true,"href":"https:\/\/diasporascholarship.hu\/hu\/wp-json\/wp\/v2\/portfolio_entries?post=11330"}],"curies":[{"name":"wp","href":"https:\/\/api.w.org\/{rel}","templated":true}]}}

Tihany – a Balaton kincsesládája

<p>Tihany község a Tihanyi-félszigeten, Veszprém vármegyében található, Balatonfüredtől pár kilométerre. Bátran állítható, hogy Magyarország egyik legszebb fekvésű települése, amely rendkívüli természeti és kulturális adottságokkal rendelkezik. A Félsziget egészének felfedezésére akár egy egész hétvégét is érdemes lehet rászánni. Azoknak, akik Tihany legismertebb látványosságaira kíváncsiak, a következő programokat ajánljuk:</p>
<p><strong>Bencés apátság és apátsági múzeum</strong></p>
<p>A község központjában a Bencés Apátság áll, amelyet 1055-ben I. András magyar király alapított. A kolostor alapító oklevele a legrégebbi, eredeti formájában fennmaradt magyarországi oklevél, melynek latin nyelvű szövegében magyar szavakat, kifejezéseket is használtak. Ezért a magyar nyelv legrégibb írásos emléke is. A barokk stílusban épült templom napjainkban a bencés közösségnek nyújt otthont, akik a lelkipásztori tevékenység mellett vendéglátással és kulturális programok szervezésével foglalkoznak. Az apátságban megtekinthető egy interaktív kiállítás mellett a látogatók a legszebb balatoni panorámában is gyönyörködhetnek.</p>
<p><img loading="lazy" decoding="async" class="aligncenter wp-image-11324" src="https://diasporascholarship.hu/wp-content/uploads//tihany-bences-apatsag-300x158.jpg" alt="" width="600" height="315" srcset="https://diasporascholarship.hu/wp-content/uploads/tihany-bences-apatsag-300x158.jpg 300w, https://diasporascholarship.hu/wp-content/uploads/tihany-bences-apatsag-1030x541.jpg 1030w, https://diasporascholarship.hu/wp-content/uploads/tihany-bences-apatsag-768x403.jpg 768w, https://diasporascholarship.hu/wp-content/uploads/tihany-bences-apatsag-705x370.jpg 705w, https://diasporascholarship.hu/wp-content/uploads/tihany-bences-apatsag.jpg 1200w" sizes="auto, (max-width: 600px) 100vw, 600px" /></p>
<p><strong>Tihanyi visszhang</strong></p>
<p>Tihany egyik legérdekesebb jelensége a híres visszhang, amely a XVIII. századtól kezdve, a tihanyi apátság mai épületének felépítése óta hallható. A Visszhang-dombon áll egy kőoszlop, amelyet csak echo-kőként emlegetnek. A legenda szerint, ha erre felállunk és kiáltunk egy nagyot, 2 másodperccel később már hallhatjuk is a több mint 300 méterre lévő apátság északi faláról hétszeresen visszaverődő hangunkat.</p>
<p><strong>Tihanyi tájházak</strong></p>
<p>A Parasztgazda Ház és a Halászcéh Ház célja a népi építkezés és életmód bemutatása. A Balaton-felvidéken és a Bakony területén a fő építőanyag a kő volt. Tihany községben a népi építkezés helyi stílust alakított ki: egyszerű vakolatlan bazalt terméskő falakat húztak fel, az ablakok keretét pedig fehérre meszelték. Ezáltal a tihanyi házak azonnal felismerhetőek és más falubeli építkezési formától megkülönböztethetőek.</p>
<p><img loading="lazy" decoding="async" class="aligncenter wp-image-11320" src="https://diasporascholarship.hu/wp-content/uploads//772a9199-0-300x182.jpg" alt="" width="600" height="364" srcset="https://diasporascholarship.hu/wp-content/uploads/772a9199-0-300x182.jpg 300w, https://diasporascholarship.hu/wp-content/uploads/772a9199-0-1030x626.jpg 1030w, https://diasporascholarship.hu/wp-content/uploads/772a9199-0-768x467.jpg 768w, https://diasporascholarship.hu/wp-content/uploads/772a9199-0-1536x933.jpg 1536w, https://diasporascholarship.hu/wp-content/uploads/772a9199-0-2048x1244.jpg 2048w, https://diasporascholarship.hu/wp-content/uploads/772a9199-0-1500x911.jpg 1500w, https://diasporascholarship.hu/wp-content/uploads/772a9199-0-705x428.jpg 705w" sizes="auto, (max-width: 600px) 100vw, 600px" /></p>
<p><strong>Levendula ház látogatóközpont és levendulaültetvény</strong></p>
<p>Magyarország első ipari célú levendulaültetvényét az 1920-as években telepítették Tihanyba Franciaországból hozott szaporítóanyaggal. A vállalkozás igencsak sikeresnek bizonyult, amit az is jól bizonyít, hogy a Tihanyban aratott levendula illóolaj tartalma magasabb volt, mint a franciáé. Ez elsősorban a fél-mediterrán éghajlatnak, a vulkáni alapkőzetnek és a napsütésben gazdag déli fekvésnek köszönhető. Tihanyban jelenleg több helyen is találhatók levendulaültetvények. Ezek közül a legnagyobb 7 hektáron terül el.</p>
<p><img loading="lazy" decoding="async" class="aligncenter wp-image-11322" src="https://diasporascholarship.hu/wp-content/uploads//lavender-g0524bba24_1280-300x204.jpg" alt="" width="600" height="407" srcset="https://diasporascholarship.hu/wp-content/uploads/lavender-g0524bba24_1280-300x204.jpg 300w, https://diasporascholarship.hu/wp-content/uploads/lavender-g0524bba24_1280-1030x699.jpg 1030w, https://diasporascholarship.hu/wp-content/uploads/lavender-g0524bba24_1280-768x521.jpg 768w, https://diasporascholarship.hu/wp-content/uploads/lavender-g0524bba24_1280-705x479.jpg 705w, https://diasporascholarship.hu/wp-content/uploads/lavender-g0524bba24_1280.jpg 1280w" sizes="auto, (max-width: 600px) 100vw, 600px" /></p>
<p><strong>Tihanyi strandok</strong></p>
<p>A Félszigeten több strand is található, amelyet előszeretettel vesznek igénybe a nyáron fürdőzni vágyok. A Balatonra és a vitorlás hajókra a partról is remek kilátás nyílik. A tóparti büfékben pedig elérhetőek az olyan klasszikus ételek, mint a balatoni fogas, avagy a lángos.</p>
<p>Látogass el te is Tihanyba és írd meg nekünk, melyik látványosság volt a kedvenced!</p>

<p>Tihany egyértelműen a Balaton-felvidék egyik legizgalmasabb helye. Amellett, hogy rendkívül gazdag történelmi látnivalókban, a dombtetőn található Bencés apátságból nyílik az egyik legszebb panoráma a Magyar Tengerre. Látogass el te is Tihanyba, és merülj el a Balaton szépségeiben!</p>
