{"id":11345,"date":"2023-06-08T15:15:17","date_gmt":"2023-06-08T13:15:17","guid":{"rendered":"https:\/\/diasporascholarship.hu\/?post_type=mec-events&#038;p=11345"},"modified":"2023-06-08T15:15:17","modified_gmt":"2023-06-08T13:15:17","slug":"egy-hullamhosszon-avagy-magyar-kozossegi-radiok-a-vilagban","status":"publish","type":"mec-events","link":"https:\/\/diasporascholarship.hu\/hu\/esemenyek\/egy-hullamhosszon-avagy-magyar-kozossegi-radiok-a-vilagban\/","title":{"rendered":"EGY HULL\u00c1MHOSSZON\u2026 avagy magyar k\u00f6z\u00f6ss\u00e9gi r\u00e1di\u00f3k a vil\u00e1gban"},"content":{"rendered":"<p>A P\u00e9csi Tudom\u00e1nyegyetem <a href=\"https:\/\/diaszporaprojekt.org\/en\" target=\"_blank\" rel=\"noopener\">Diaszp\u00f3ra Projekt H\u00e1l\u00f3zata<\/a> \u201eMagyar diaszp\u00f3ra mindennapok\u201d sorozat\u00e1nak tizenhetedik online m\u0171sora alkalm\u00e1val magyar k\u00f6z\u00f6ss\u00e9gi r\u00e1di\u00f3kat ismerhet\u00fcnk meg a nagyvil\u00e1gb\u00f3l virtu\u00e1lisan.<\/p>\n<p>A Projekt H\u00e1l\u00f3zat online m\u0171sor\u00e1ra 2023. j\u00fanius 09-\u00e9n magyar id\u0151 szerint (CEST) 14:00 \u00f3rakor ker\u00fcl sor.<\/p>\n<p>Megh\u00edvott besz\u00e9lget\u0151partner\u00fck ez\u00fattal Kiss \u00c1gnes, aki eredetileg angol-francia nyelvtan\u00e1r, 2012 \u00f3ta foglalkozik magyar n\u00e9pmesemond\u00e1ssal, valamint 2017 \u00f3ta munkat\u00e1rsa a Mozaik Sydney magyar r\u00e1di\u00f3nak \u00e9s a F\u00fcggetlen Magyar R\u00e1di\u00f3 Toronto-nak.<\/p>\n<p>A webin\u00e1rium Zoom platformon val\u00f3sul meg. A Diaszp\u00f3ra Fels\u0151oktat\u00e1si \u00d6szt\u00f6nd\u00edjprogramban r\u00e9sztvev\u0151 \u00f6szt\u00f6nd\u00edjask\u00e9nt m\u00e1r megkaptad a linket emailben.<\/p>\n<p>Szeretettel v\u00e1runk a k\u00e9perny\u0151 el\u00e9 n\u00e9z\u0151k\u00e9nt \u00e9s hozz\u00e1sz\u00f3l\u00f3k\u00e9nt!<\/p>\n","protected":false},"excerpt":{"rendered":"<p>A P\u00e9csi Tudom\u00e1nyegyetem Diaszp\u00f3ra Projekt H\u00e1l\u00f3zata \u201eMagyar diaszp\u00f3ra mindennapok\u201d sorozat\u00e1nak tizenhetedik online m\u0171sora alkalm\u00e1val magyar k\u00f6z\u00f6ss\u00e9gi r\u00e1di\u00f3kat ismerhet\u00fcnk meg a nagyvil\u00e1gb\u00f3l virtu\u00e1lisan. A Projekt H\u00e1l\u00f3zat online m\u0171sor\u00e1ra 2023. j\u00fanius 09-\u00e9n magyar id\u0151 szerint (CEST) 14:00 \u00f3rakor ker\u00fcl sor. Megh\u00edvott besz\u00e9lget\u0151partner\u00fck ez\u00fattal Kiss \u00c1gnes, aki eredetileg angol-francia nyelvtan\u00e1r, 2012 \u00f3ta foglalkozik magyar n\u00e9pmesemond\u00e1ssal, valamint 2017 \u00f3ta [&hellip;]<\/p>\n","protected":false},"author":5,"featured_media":11340,"comment_status":"closed","ping_status":"closed","template":"","tags":[],"mec_category":[59],"class_list":["post-11345","mec-events","type-mec-events","status-publish","has-post-thumbnail","hentry","mec_category-diaszpora-projekt-halozat"],"_links":{"self":[{"href":"https:\/\/diasporascholarship.hu\/hu\/wp-json\/wp\/v2\/mec-events\/11345","targetHints":{"allow":["GET"]}}],"collection":[{"href":"https:\/\/diasporascholarship.hu\/hu\/wp-json\/wp\/v2\/mec-events"}],"about":[{"href":"https:\/\/diasporascholarship.hu\/hu\/wp-json\/wp\/v2\/types\/mec-events"}],"author":[{"embeddable":true,"href":"https:\/\/diasporascholarship.hu\/hu\/wp-json\/wp\/v2\/users\/5"}],"replies":[{"embeddable":true,"href":"https:\/\/diasporascholarship.hu\/hu\/wp-json\/wp\/v2\/comments?post=11345"}],"wp:featuredmedia":[{"embeddable":true,"href":"https:\/\/diasporascholarship.hu\/hu\/wp-json\/wp\/v2\/media\/11340"}],"wp:attachment":[{"href":"https:\/\/diasporascholarship.hu\/hu\/wp-json\/wp\/v2\/media?parent=11345"}],"wp:term":[{"taxonomy":"post_tag","embeddable":true,"href":"https:\/\/diasporascholarship.hu\/hu\/wp-json\/wp\/v2\/tags?post=11345"},{"taxonomy":"mec_category","embeddable":true,"href":"https:\/\/diasporascholarship.hu\/hu\/wp-json\/wp\/v2\/mec_category?post=11345"}],"curies":[{"name":"wp","href":"https:\/\/api.w.org\/{rel}","templated":true}]}}

EGY HULLÁMHOSSZON… avagy magyar közösségi rádiók a világban

<p>A Pécsi Tudományegyetem <a href="https://diaszporaprojekt.org/en" target="_blank" rel="noopener">Diaszpóra Projekt Hálózata</a> „Magyar diaszpóra mindennapok” sorozatának tizenhetedik online műsora alkalmával magyar közösségi rádiókat ismerhetünk meg a nagyvilágból virtuálisan.</p>
<p>A Projekt Hálózat online műsorára 2023. június 09-én magyar idő szerint (CEST) 14:00 órakor kerül sor.</p>
<p>Meghívott beszélgetőpartnerük ezúttal Kiss Ágnes, aki eredetileg angol-francia nyelvtanár, 2012 óta foglalkozik magyar népmesemondással, valamint 2017 óta munkatársa a Mozaik Sydney magyar rádiónak és a Független Magyar Rádió Toronto-nak.</p>
<p>A webinárium Zoom platformon valósul meg. A Diaszpóra Felsőoktatási Ösztöndíjprogramban résztvevő ösztöndíjasként már megkaptad a linket emailben.</p>
<p>Szeretettel várunk a képernyő elé nézőként és hozzászólóként!</p>

<p>A Pécsi Tudományegyetem Diaszpóra Projekt Hálózata „Magyar diaszpóra mindennapok” sorozatának tizenhetedik online műsora alkalmával magyar közösségi rádiókat ismerhetünk meg a nagyvilágból virtuálisan. A Projekt Hálózat online műsorára 2023. június 09-én magyar idő szerint (CEST) 14:00 órakor kerül sor. Meghívott beszélgetőpartnerük ezúttal Kiss Ágnes, aki eredetileg angol-francia nyelvtanár, 2012 óta foglalkozik magyar népmesemondással, valamint 2017 óta [&hellip;]</p>
