{"id":9340,"date":"2022-10-19T09:57:55","date_gmt":"2022-10-19T07:57:55","guid":{"rendered":"https:\/\/diasporascholarship.hu\/?post_type=portfolio&#038;p=9340"},"modified":"2023-03-30T14:31:46","modified_gmt":"2023-03-30T12:31:46","slug":"magyar-diaszpora-mindennapok-izrael","status":"publish","type":"portfolio","link":"https:\/\/diasporascholarship.hu\/en\/news\/magyar-diaszpora-mindennapok-izrael\/","title":{"rendered":"Magyar Diaszp\u00f3ra Mindennapok &#8211; Izrael"},"content":{"rendered":"<section  class='av_textblock_section av-av_textblock-9f1d08d208ea38101768ba4096f09dd7'  itemscope=\"itemscope\" itemtype=\"https:\/\/schema.org\/CreativeWork\" ><div class='avia_textblock'  itemprop=\"text\" ><p>A <strong>P\u00e9csi Tudom\u00e1nyegyetem Diaszp\u00f3ra Projekt H\u00e1l\u00f3zat<\/strong> soron k\u00f6vetkez\u0151 el\u0151ad\u00e1s\u00e1nak alkalm\u00e1val ism\u00e9t egy h\u00e9tv\u00e9gi magyar iskol\u00e1t, oktat\u00e1si \u00e9s kultur\u00e1lis k\u00f6zpontot l\u00e1togathatunk meg virtu\u00e1lisan. Az Izraelben tal\u00e1lhat\u00f3 Efraim Kishon Magyar Oktat\u00e1si \u00e9s Kultur\u00e1lis K\u00f6zpont c\u00e9lja a magyar nyelv \u00e9s a kultur\u00e1lis hagyom\u00e1nyok \u00e1pol\u00e1sa, valamint k\u00f6z\u00f6ss\u00e9g\u00e9p\u00edt\u00e9s. \u00d3vod\u00e1i \u00e9s iskol\u00e1i az orsz\u00e1g t\u00f6bb helysz\u00edn\u00e9n ny\u00fajtanak seg\u00edt\u0151 kezet a magyar nyelvvel \u00e9s kult\u00far\u00e1val megismerkedni k\u00edv\u00e1n\u00f3 fiataloknak, feln\u0151tt oktat\u00e1suk keretein bel\u00fcl pedig egyed\u00fcl\u00e1ll\u00f3 lehet\u0151s\u00e9g van a magyar nyelv elsaj\u00e1t\u00edt\u00e1s\u00e1ra tanfolyamaikon, melyek a h\u00e9tk\u00f6znapi besz\u00e9lt nyelvre teszik a hangs\u00falyt.<\/p>\n<p>A rendezv\u00e9ny magyar nyelven ker\u00fcl megrendez\u00e9sre.<\/p>\n<p>A P\u00e9csi Tudom\u00e1nyegyetem Diaszp\u00f3ra Projekt H\u00e1l\u00f3zata <strong>\u201eMagyar diaszp\u00f3ra mindennapok\u201d<\/strong> sorozat\u00e1nak tizennegyedik ad\u00e1s\u00e1ban a h\u00e9tv\u00e9gi iskola sikereit \u00e9s kih\u00edv\u00e1sait ismerhetj\u00fck meg.<\/p>\n<p>Online m\u0171sorra <strong>2022. okt\u00f3ber 21-\u00e9n magyar id\u0151 szerint (CEST) 13:00 \u00f3rakor<\/strong> (izraeli id\u0151 szerint (IDT) 14.00) ker\u00fcl sor.<\/p>\n<p>A megh\u00edvott besz\u00e9lget\u0151partnerek ez\u00fattal az Efraim Kishon Magyar Oktat\u00e1si \u00e9s Kultur\u00e1lis K\u00f6zpont eln\u00f6ke, West Judit, valamint Boros Anna sz\u00ednm\u0171v\u00e9sz, KCSP \u00f6szt\u00f6nd\u00edjas.<\/p>\n<p>Az esem\u00e9nyr\u0151l a tervek szerint felv\u00e9tel k\u00e9sz\u00fcl, mely a kor\u00e1bbi ad\u00e1sok mellett a Diaszp\u00f3ra Projekt H\u00e1l\u00f3zat YouTube csatorn\u00e1j\u00e1n lesz megtekinthet\u0151 (<a href=\"https:\/\/www.youtube.com\/channel\/UCZkbDNKod8vj4EHWJAOS1Tw\" target=\"_blank\" rel=\"noopener\">https:\/\/www.youtube.com\/channel\/UCZkbDNKod8vj4EHWJAOS1Tw<\/a>).<\/p>\n<p>A Zoom platformon megval\u00f3sul\u00f3 webin\u00e1riumon a r\u00e9szv\u00e9tel ingyenes, de el\u0151zetes regisztr\u00e1ci\u00f3hoz k\u00f6t\u00f6tt, amelyet a P\u00e9csi Tudom\u00e1nyegyetem Diaszp\u00f3ra Projekt H\u00e1l\u00f3zat hivatalos honlapj\u00e1n\u00a0lehet megtenni.\u00a0<a href=\"https:\/\/diaszporaprojekt.org\/hu\/regisztracio\" target=\"_blank\" rel=\"noopener\">https:\/\/diaszporaprojekt.org\/hu\/regisztracio<\/a><\/p>\n<\/div><\/section>\n<div  class='avia-button-wrap avia-button-center  avia-builder-el-1  el_after_av_textblock  el_before_av_textblock ' ><a href=\"https:\/\/diaszporaprojekt.org\/hu\/regisztracio \" class=\"avia-button av-l9fc9398-7ec8aa921895965392cc395427cb42c7 avia-icon_select-no avia-size-large avia-position-center avia-color-theme-color\" target=\"_blank\" rel=\"noopener noreferrer\"><span class='avia_iconbox_title' >Regisztr\u00e1ci\u00f3<\/span><\/a><\/div>\n<section  class='av_textblock_section av-l9fccdly-48e6823c315f7d15ceaedecb753d636f'  itemscope=\"itemscope\" itemtype=\"https:\/\/schema.org\/CreativeWork\" ><div class='avia_textblock'  itemprop=\"text\" ><p><img loading=\"lazy\" decoding=\"async\" class=\"aligncenter wp-image-9336\" src=\"https:\/\/diasporascholarship.hu\/wp-content\/uploads\/2022_10_21.png\" alt=\"\" width=\"800\" height=\"450\" srcset=\"https:\/\/diasporascholarship.hu\/wp-content\/uploads\/2022_10_21.png 1920w, https:\/\/diasporascholarship.hu\/wp-content\/uploads\/2022_10_21-300x169.png 300w, https:\/\/diasporascholarship.hu\/wp-content\/uploads\/2022_10_21-1030x579.png 1030w, https:\/\/diasporascholarship.hu\/wp-content\/uploads\/2022_10_21-768x432.png 768w, https:\/\/diasporascholarship.hu\/wp-content\/uploads\/2022_10_21-1536x864.png 1536w, https:\/\/diasporascholarship.hu\/wp-content\/uploads\/2022_10_21-1500x844.png 1500w, https:\/\/diasporascholarship.hu\/wp-content\/uploads\/2022_10_21-705x397.png 705w, https:\/\/diasporascholarship.hu\/wp-content\/uploads\/2022_10_21-20x11.png 20w\" sizes=\"auto, (max-width: 800px) 100vw, 800px\" \/><\/p>\n<\/div><\/section>\n","protected":false},"excerpt":{"rendered":"<p>2022. okt\u00f3ber 21.<\/p>\n","protected":false},"featured_media":9336,"comment_status":"closed","ping_status":"closed","template":"","tags":[],"portfolio_entries":[23],"class_list":["post-9340","portfolio","type-portfolio","status-publish","has-post-thumbnail","hentry","portfolio_entries-actual"],"_links":{"self":[{"href":"https:\/\/diasporascholarship.hu\/en\/wp-json\/wp\/v2\/portfolio\/9340","targetHints":{"allow":["GET"]}}],"collection":[{"href":"https:\/\/diasporascholarship.hu\/en\/wp-json\/wp\/v2\/portfolio"}],"about":[{"href":"https:\/\/diasporascholarship.hu\/en\/wp-json\/wp\/v2\/types\/portfolio"}],"replies":[{"embeddable":true,"href":"https:\/\/diasporascholarship.hu\/en\/wp-json\/wp\/v2\/comments?post=9340"}],"version-history":[{"count":2,"href":"https:\/\/diasporascholarship.hu\/en\/wp-json\/wp\/v2\/portfolio\/9340\/revisions"}],"predecessor-version":[{"id":10822,"href":"https:\/\/diasporascholarship.hu\/en\/wp-json\/wp\/v2\/portfolio\/9340\/revisions\/10822"}],"wp:featuredmedia":[{"embeddable":true,"href":"https:\/\/diasporascholarship.hu\/en\/wp-json\/wp\/v2\/media\/9336"}],"wp:attachment":[{"href":"https:\/\/diasporascholarship.hu\/en\/wp-json\/wp\/v2\/media?parent=9340"}],"wp:term":[{"taxonomy":"post_tag","embeddable":true,"href":"https:\/\/diasporascholarship.hu\/en\/wp-json\/wp\/v2\/tags?post=9340"},{"taxonomy":"portfolio_entries","embeddable":true,"href":"https:\/\/diasporascholarship.hu\/en\/wp-json\/wp\/v2\/portfolio_entries?post=9340"}],"curies":[{"name":"wp","href":"https:\/\/api.w.org\/{rel}","templated":true}]}}

Magyar Diaszpóra Mindennapok &#8211; Izrael

<section  class='av_textblock_section av-av_textblock-9f1d08d208ea38101768ba4096f09dd7'  itemscope="itemscope" itemtype="https://schema.org/CreativeWork" ><div class='avia_textblock'  itemprop="text" ><p>A <strong>Pécsi Tudományegyetem Diaszpóra Projekt Hálózat</strong> soron következő előadásának alkalmával ismét egy hétvégi magyar iskolát, oktatási és kulturális központot látogathatunk meg virtuálisan. Az Izraelben található Efraim Kishon Magyar Oktatási és Kulturális Központ célja a magyar nyelv és a kulturális hagyományok ápolása, valamint közösségépítés. Óvodái és iskolái az ország több helyszínén nyújtanak segítő kezet a magyar nyelvvel és kultúrával megismerkedni kívánó fiataloknak, felnőtt oktatásuk keretein belül pedig egyedülálló lehetőség van a magyar nyelv elsajátítására tanfolyamaikon, melyek a hétköznapi beszélt nyelvre teszik a hangsúlyt.</p>
<p>A rendezvény magyar nyelven kerül megrendezésre.</p>
<p>A Pécsi Tudományegyetem Diaszpóra Projekt Hálózata <strong>„Magyar diaszpóra mindennapok”</strong> sorozatának tizennegyedik adásában a hétvégi iskola sikereit és kihívásait ismerhetjük meg.</p>
<p>Online műsorra <strong>2022. október 21-én magyar idő szerint (CEST) 13:00 órakor</strong> (izraeli idő szerint (IDT) 14.00) kerül sor.</p>
<p>A meghívott beszélgetőpartnerek ezúttal az Efraim Kishon Magyar Oktatási és Kulturális Központ elnöke, West Judit, valamint Boros Anna színművész, KCSP ösztöndíjas.</p>
<p>Az eseményről a tervek szerint felvétel készül, mely a korábbi adások mellett a Diaszpóra Projekt Hálózat YouTube csatornáján lesz megtekinthető (<a href="https://www.youtube.com/channel/UCZkbDNKod8vj4EHWJAOS1Tw" target="_blank" rel="noopener">https://www.youtube.com/channel/UCZkbDNKod8vj4EHWJAOS1Tw</a>).</p>
<p>A Zoom platformon megvalósuló webináriumon a részvétel ingyenes, de előzetes regisztrációhoz kötött, amelyet a Pécsi Tudományegyetem Diaszpóra Projekt Hálózat hivatalos honlapján lehet megtenni. <a href="https://diaszporaprojekt.org/hu/regisztracio" target="_blank" rel="noopener">https://diaszporaprojekt.org/hu/regisztracio</a></p>
</div></section>
<div  class='avia-button-wrap avia-button-center  avia-builder-el-1  el_after_av_textblock  el_before_av_textblock ' ><a href="https://diaszporaprojekt.org/hu/regisztracio " class="avia-button av-l9fc9398-7ec8aa921895965392cc395427cb42c7 avia-icon_select-no avia-size-large avia-position-center avia-color-theme-color" target="_blank" rel="noopener noreferrer"><span class='avia_iconbox_title' >Regisztráció</span></a></div>
<section  class='av_textblock_section av-l9fccdly-48e6823c315f7d15ceaedecb753d636f'  itemscope="itemscope" itemtype="https://schema.org/CreativeWork" ><div class='avia_textblock'  itemprop="text" ><p><img loading="lazy" decoding="async" class="aligncenter wp-image-9336" src="https://diasporascholarship.hu/wp-content/uploads/2022_10_21.png" alt="" width="800" height="450" srcset="https://diasporascholarship.hu/wp-content/uploads/2022_10_21.png 1920w, https://diasporascholarship.hu/wp-content/uploads/2022_10_21-300x169.png 300w, https://diasporascholarship.hu/wp-content/uploads/2022_10_21-1030x579.png 1030w, https://diasporascholarship.hu/wp-content/uploads/2022_10_21-768x432.png 768w, https://diasporascholarship.hu/wp-content/uploads/2022_10_21-1536x864.png 1536w, https://diasporascholarship.hu/wp-content/uploads/2022_10_21-1500x844.png 1500w, https://diasporascholarship.hu/wp-content/uploads/2022_10_21-705x397.png 705w, https://diasporascholarship.hu/wp-content/uploads/2022_10_21-20x11.png 20w" sizes="auto, (max-width: 800px) 100vw, 800px" /></p>
</div></section>

<p>2022. október 21.</p>
